{"version":"1.0","provider_name":"Museu T\u00e8xtil de Terrassa","provider_url":"https:\/\/museutextil.cat\/es\/","author_name":"adqa","author_url":"https:\/\/museutextil.cat\/es\/author\/adqa\/","title":"El vestido - Museu T\u00e8xtil de Terrassa","type":"rich","width":600,"height":338,"html":"<blockquote class=\"wp-embedded-content\" data-secret=\"g1IRloud5Q\"><a href=\"https:\/\/museutextil.cat\/es\/astra-portfolio\/el-vestido\/\">El vestido<\/a><\/blockquote><iframe sandbox=\"allow-scripts\" security=\"restricted\" src=\"https:\/\/museutextil.cat\/es\/astra-portfolio\/el-vestido\/embed\/#?secret=g1IRloud5Q\" width=\"600\" height=\"338\" title=\"\u00abEl vestido\u00bb \u2014 Museu T\u00e8xtil de Terrassa\" data-secret=\"g1IRloud5Q\" frameborder=\"0\" marginwidth=\"0\" marginheight=\"0\" scrolling=\"no\" class=\"wp-embedded-content\"><\/iframe><script>\n\/*! This file is auto-generated *\/\n!function(d,l){\"use strict\";l.querySelector&&d.addEventListener&&\"undefined\"!=typeof URL&&(d.wp=d.wp||{},d.wp.receiveEmbedMessage||(d.wp.receiveEmbedMessage=function(e){var t=e.data;if((t||t.secret||t.message||t.value)&&!\/[^a-zA-Z0-9]\/.test(t.secret)){for(var s,r,n,a=l.querySelectorAll('iframe[data-secret=\"'+t.secret+'\"]'),o=l.querySelectorAll('blockquote[data-secret=\"'+t.secret+'\"]'),c=new RegExp(\"^https?:$\",\"i\"),i=0;i<o.length;i++)o[i].style.display=\"none\";for(i=0;i<a.length;i++)s=a[i],e.source===s.contentWindow&&(s.removeAttribute(\"style\"),\"height\"===t.message?(1e3<(r=parseInt(t.value,10))?r=1e3:~~r<200&&(r=200),s.height=r):\"link\"===t.message&&(r=new URL(s.getAttribute(\"src\")),n=new URL(t.value),c.test(n.protocol))&&n.host===r.host&&l.activeElement===s&&(d.top.location.href=t.value))}},d.addEventListener(\"message\",d.wp.receiveEmbedMessage,!1),l.addEventListener(\"DOMContentLoaded\",function(){for(var e,t,s=l.querySelectorAll(\"iframe.wp-embedded-content\"),r=0;r<s.length;r++)(t=(e=s[r]).getAttribute(\"data-secret\"))||(t=Math.random().toString(36).substring(2,12),e.src+=\"#?secret=\"+t,e.setAttribute(\"data-secret\",t)),e.contentWindow.postMessage({message:\"ready\",secret:t},\"*\")},!1)))}(window,document);\n<\/script>\n","thumbnail_url":"https:\/\/museutextil.cat\/wp-content\/uploads\/2025\/04\/portada_el_vestido-200x307-1.jpg","thumbnail_width":200,"thumbnail_height":307,"description":"Ficha del libro en PDF. Autora: Jennifer RobsonEditorial: EspasaA\u00f1o: 2019P\u00e1ginas: 463ISBN: 9788467056631Idioma: castellano \u201cUn escote coraz\u00f3n, mangas largas ce\u00f1idas y falda hasta los tobillos. Lo que convert\u00eda aquel vestido en algo \u00fanico eran las bordaduras.\u201d El libro:Londres, 1947. Asediados por el fr\u00edo invierno, los brit\u00e1nicos padecen el racionamiento a pesar de su victoria en la [&hellip;]"}

Museu Tèxtil de Terrassa

El vestido - Museu Tèxtil de Terrassa

<blockquote class="wp-embedded-content" data-secret="g1IRloud5Q"><a href="https://museutextil.cat/es/astra-portfolio/el-vestido/">El vestido</a></blockquote><iframe sandbox="allow-scripts" security="restricted" src="https://museutextil.cat/es/astra-portfolio/el-vestido/embed/#?secret=g1IRloud5Q" width="600" height="338" title="«El vestido» — Museu Tèxtil de Terrassa" data-secret="g1IRloud5Q" frameborder="0" marginwidth="0" marginheight="0" scrolling="no" class="wp-embedded-content"></iframe><script>
/*! This file is auto-generated */
!function(d,l){"use strict";l.querySelector&&d.addEventListener&&"undefined"!=typeof URL&&(d.wp=d.wp||{},d.wp.receiveEmbedMessage||(d.wp.receiveEmbedMessage=function(e){var t=e.data;if((t||t.secret||t.message||t.value)&&!/[^a-zA-Z0-9]/.test(t.secret)){for(var s,r,n,a=l.querySelectorAll('iframe[data-secret="'+t.secret+'"]'),o=l.querySelectorAll('blockquote[data-secret="'+t.secret+'"]'),c=new RegExp("^https?:$","i"),i=0;i<o.length;i++)o[i].style.display="none";for(i=0;i<a.length;i++)s=a[i],e.source===s.contentWindow&&(s.removeAttribute("style"),"height"===t.message?(1e3<(r=parseInt(t.value,10))?r=1e3:~~r<200&&(r=200),s.height=r):"link"===t.message&&(r=new URL(s.getAttribute("src")),n=new URL(t.value),c.test(n.protocol))&&n.host===r.host&&l.activeElement===s&&(d.top.location.href=t.value))}},d.addEventListener("message",d.wp.receiveEmbedMessage,!1),l.addEventListener("DOMContentLoaded",function(){for(var e,t,s=l.querySelectorAll("iframe.wp-embedded-content"),r=0;r<s.length;r++)(t=(e=s[r]).getAttribute("data-secret"))||(t=Math.random().toString(36).substring(2,12),e.src+="#?secret="+t,e.setAttribute("data-secret",t)),e.contentWindow.postMessage({message:"ready",secret:t},"*")},!1)))}(window,document);
</script>

Ficha del libro en PDF. Autora: Jennifer RobsonEditorial: EspasaAño: 2019Páginas: 463ISBN: 9788467056631Idioma: castellano “Un escote corazón, mangas largas ceñidas y falda hasta los tobillos. Lo que convertía aquel vestido en algo único eran las bordaduras.” El libro:Londres, 1947. Asediados por el frío invierno, los británicos padecen el racionamiento a pesar de su victoria en la [&hellip;]
